d - 5755 = -1465. What is the remainder when 781 is divided by d?
11
Suppose -5*d + 3*d - 5*r = 17, r - 19 = d. Let x be (-6)/(-4)*(d/8 + 4). Suppose x*w = -54 + 102. What is the remainder when 45 is divided by w?
13
Let o(g) = -g**2 + 19*g + 19. Let a(l) = -l**2 - 91*l + 2382. What is the remainder when a(-112) is divided by o(19)?
11
Suppose -2 = -l - 3, z = -5*l - 21. Let w be (24*1)/((-90)/100)*3. Calculate the remainder when 2/z + (-2570)/w is divided by 17.
15
Calculate the remainder when ((-1292)/3)/(-2) - 14/42 is divided by ((-7)/(-3))/(((-36)/27)/(-4)).
5
Let u(y) = 25*y + 325. Let r be u(-31). Let s = 474 + r. Calculate the remainder when 596 is divided by s.
20
Suppose 2*m = 5*s + 18, 3*m - 2*s = 4*m - 27. Suppose 3*f - 8 - m = 0. Calculate the remainder when 168 is divided by f.
6
Calculate the remainder when (-27 - 1077 - 16)*(-1 - 1) is divided by 118.
116
Suppose -5*t - 2*v = -22, 3*t = 3*v + 39 - 9. Let i be (-4)/t + 65/3. Suppose 9 = i*a - 20*a. What is the remainder when 9 is divided by a?
0
Let g = -9531 + 9573. What is the remainder when 5039 is divided by g?
41
Let z = 78 + -233. Let o = z - -182. Calculate the remainder when 118 is divided by o.
10
Let i(n) = 43*n + 9. Let h be (-7)/((-196)/63) + (-1)/4. What is the remainder when i(h) is divided by 12?
11
Let m be 168/36*6/14. Suppose -y + 28 = -28*w + 31*w, -5*w = m*y - 46. What is the remainder when 93 is divided by w?
3
What is the remainder when 222 is divided by (-2646)/(-54) - (6 - -2)?
17
Let u = -195 - -211. Suppose -u*h + 8*h + 1008 = 0. What is the remainder when h is divided by 22?
16
Suppose -10*o + 452 = -8*o. Let q = -193 + o. Calculate the remainder when q is divided by 19.
14
Suppose 3*r = -2*y + 478, 90*r - 95*r + y = -788. Calculate the remainder when 336 is divided by r.
20
Suppose 0*s = -5*s + 95. Let g(i) = i**3 + 17*i**2 - 60*i - 4. Let l be g(-20). Let d = s + l. Calculate the remainder when d is divided by 10.
5
Suppose -l = -49*l + 31735 - 5143. Calculate the remainder when l is divided by 42.
8
Let g = 390 - 360. Suppose -343 = -4*b - 5*t + 6*t, -3*b + t + 257 = 0. Calculate the remainder when b is divided by g.
26
Let q be (-3 + 4)*(2 - -39). Suppose 22*c + 133 = q*c. Calculate the remainder when 146 is divided by c.
6
Suppose 10*z - 12*z = -5*t + 43, 2*z - 20 = -2*t. Suppose 0 = 2*p - 5*d - 92, -p + 0*d = 2*d - 55. Calculate the remainder when p is divided by t.
6
Suppose -4 = -3*w + 4*w, k + 2*w - 171 = 0. What is the remainder when k is divided by 5?
4
Let k(y) = -y**2 - 12*y + 680. Calculate the remainder when k(18) is divided by 38.
26
Suppose 0 = 2*w + 3*y - 72, 3*w - 21*y = -23*y + 103. What is the remainder when 144 is divided by w?
12
Let v(j) = -j**3 - 12*j**2 - 11*j. Let k be v(-11). Suppose -131*i + 137*i - 1092 = k. Calculate the remainder when i is divided by 37.
34
Let c = 1224 - -1778. What is the remainder when c is divided by 273?
272
Suppose -18 = -2*r - 5*o, 179*r = 175*r + 3*o + 10. Suppose -h = 4*h + 2*f - 432, -5*f = 5*h - 435. Calculate the remainder when h is divided by r.
2
Suppose 0 = -5*i - 3*o + 160, 46*i - 50*i + 4*o = -160. Calculate the remainder when 125 is divided by i.
20
What is the remainder when 848 is divided by ((-4)/(-30)*-15)/((-1)/179)?
132
Suppose -l + 8 = -4. Suppose 0 = -l*q + 150 + 114. Suppose 4*f - 132 - 32 = 0. What is the remainder when f is divided by q?
19
Suppose 72*k - 92*k + 200 = 0. Let y(w) = 8*w - 27. What is the remainder when y(k) is divided by 41?
12
Suppose -3*m - 11 = 226. Let o = 91 + m. What is the remainder when 410/7 - 6/(-14) is divided by o?
11
Suppose -w + 7 = 2. Let m be 0 + -1 + 2 + 2. Suppose -4*f = -m*r + 32 + 25, 0 = w*r - 4*f - 103. Calculate the remainder when r is divided by 8.
7
Suppose -72 = 3*h - 384. What is the remainder when 726 is divided by h?
102
Let l(x) = -x**2 + 16*x - 31. Let i be l(10). Suppose -4*y - 3 + 37 = 2*d, -y = -d + i. What is the remainder when 40 is divided by d?
15
Suppose 0 = 80*j - 83*j + 171. Let g = 18 + j. Suppose -5*r - 36 = -4*k + g, -r + 30 = k. Calculate the remainder when 173 is divided by k.
28
What is the remainder when 1150 is divided by 853/9 - (50/(-450))/((-1)/(-2))?
10
Calculate the remainder when (6/(-4) - -3) + (-70728)/(-112) is divided by 44.
17
Let j(z) = -z**3 - 9*z**2 - 7*z + 8. Let f be j(-8). Let w = f - -15. Calculate the remainder when 401 is divided by w.
11
Suppose 0 = -2*v - v + 51. Let h(t) be the third derivative of -t**4/24 + 13*t**3/2 - 3*t**2. Calculate the remainder when h(-10) is divided by v.
15
Let t(c) = c**2 + 127*c + 580. Calculate the remainder when 11965 is divided by t(-123).
85
Suppose 43*k + 34*k = 55*k + 44. What is the remainder when (-61)/(-7) - (-6)/21 is divided by k?
1
Let n be (-2 + 4)*(20/4 + 102). Suppose 2*h = 4*w + 214, w - 3*w - n = -2*h. What is the remainder when h is divided by 9?
8
Suppose 0 = -7*l + 1391 + 3495. Suppose -l*i + 695*i = -480. What is the remainder when i is divided by 17?
7
Let f(j) = -21*j + 6. Let q be f(-2). Suppose -6*p - q = -210. Calculate the remainder when 79 is divided by p + (0/(-1) + 0)/(-2).
25
Suppose 1363 = 24*g - 857 + 228. What is the remainder when 989 is divided by g?
76
Let z = -44 + 113. Let u(p) = p**2 + 5*p - 18. Let f be (-9)/(2/(0 + 2)). Calculate the remainder when z is divided by u(f).
15
Suppose 1355*i + 104 = d + 1360*i, 0 = 2*d + i - 154. What is the remainder when 822 is divided by d?
8
Suppose 213*j - 159517 = -42793. Calculate the remainder when j is divided by 10.
8
Suppose -3850 = -33*f - 44*f. What is the remainder when 648 is divided by f?
48
Suppose 0 = -v + 590*m - 585*m + 44, -3*v + 5*m + 82 = 0. What is the remainder when 1480 is divided by v?
17
Suppose -1729 = -7*x - 4*g - 201, 5*x + 3*g = 1091. Suppose 0 = -3*l + 2*l - 4, 2*o - 2*l - 74 = 0. Calculate the remainder when x is divided by o.
22
Suppose -72*b + 53*b + 1159 = 0. Suppose 35 = -13*p + b. Calculate the remainder when 6 is divided by p.
0
Suppose 54 = 2*r + 4*h - 18, 144 = 4*r + h. Let t = 8796 - 8782. What is the remainder when r is divided by t?
8
Suppose -432 = -20*q + 2*q. Let u = 1 + 2. Suppose -h = 0, -u*g + 7*h - 3*h = -27. Calculate the remainder when q is divided by g.
6
Let o = -3736 + 4488. What is the remainder when o is divided by 109?
98
Let a(l) = -4*l**2 - 18*l - 1. Let o be a(-6). Let y(z) = -z**2 - 33*z + 174. Calculate the remainder when y(o) is divided by 23.
3
Let p(w) = w**3 + 4*w**2 - 48*w + 6. Suppose -18*d = -10*d + 72. Calculate the remainder when 65 is divided by p(d).
32
Suppose -12539 = -19*l - 3324. What is the remainder when l is divided by 23?
2
Suppose 5*j + x - 6*x - 50 = 0, -4*x + 8 = 0. Let k = 37 + -42. Let v(i) = i**2 - 2*i - 1. What is the remainder when v(k) is divided by j?
10
Let b = 2579 + -1733. Suppose -10655 = -124*x + 2489. What is the remainder when b is divided by x?
104
Suppose 155*n = w + 151*n - 24, 3*n - 4 = -2*w. What is the remainder when w is divided by 6?
2
Let m be (-23)/(-46)*((-1)/1 - 443). What is the remainder when 21 is divided by (-3)/9 + m/(-18)?
9
Suppose -42*g + 2635 = 997. Suppose -4*y + 5*m + 92 = 0, -5*m + 8*m - 24 = -2*y. Suppose -3*a + 12 + y = 0. Calculate the remainder when g is divided by a.
9
What is the remainder when 408 + -407 + 122 + 1 is divided by 35?
19
Suppose -6 - 36 = -3*h. Let i = h - 1. Calculate the remainder when i is divided by (-114)/(-15) - 6/(-15).
5
Let s(r) = -75*r**2 + 40 - 2*r**3 + 2*r + 118*r**2 - 79*r**2. Calculate the remainder when 14 is divided by s(-18).
2
Suppose 4*i = -3*t + 501, 2*t + 0*i - 334 = -3*i. Let z(d) = 329*d + 4322. What is the remainder when t is divided by z(-13)?
32
Suppose -4*w = -5*w + 79. Calculate the remainder when w is divided by 17880/(-3278)*(-22)/4.
19
Suppose -n = 2*p - 6, 0*p + 4*n = -4*p + 16. Suppose p*j - 23 = -b, -115 = -4*b - b + 2*j. What is the remainder when 105 is divided by b?
13
Suppose 4*j - 2*j + 246 = -2*f, 0 = 4*f - 20. Calculate the remainder when (-2)/8*2*j is divided by (-192)/(-504)*7/(-12) + 155/9.
13
Suppose 4*s + 1196 = 2*p, 0*p - 2*p + 1192 = -3*s. What is the remainder when p is divided by 119?
114
Suppose 12*m - 19*m = -245. Calculate the remainder when (-150)/(-35)*1*m is divided by 40.
30
Let n = 2351